{"id":115,"date":"2022-08-30T18:21:21","date_gmt":"2022-08-30T16:21:21","guid":{"rendered":"https:\/\/su-meschede.de\/willkommen\/?page_id=115"},"modified":"2024-05-17T10:29:27","modified_gmt":"2024-05-17T08:29:27","slug":"mitglied-werden","status":"publish","type":"page","link":"https:\/\/su-meschede.de\/willkommen\/mitglied-werden\/","title":{"rendered":"Mitglied werden"},"content":{"rendered":"<p>In der Senioren-Union kann jede Person Mitglied werden, die das 60. Lebensjahr vollendet hat, oder sich im Vorruhestand befindet.<br \/>\nDas Mitglied darf jedoch keiner mit der CDU konkurrierenden Gruppierung oder deren parlamentarischen Vertretung angeh\u00f6ren.<br \/>\nDie Entscheidung \u00fcber einen Aufnahmeantrag erfolgt durch den Vorstand der Kreisvereinigung.<br \/>\nDie Mitgliedschaft in der CDU ist erw\u00fcnscht, aber keine Voraussetzung.<br \/>\nDen Mitgliedsbeitrag bestimmen Sie selbst, jedoch sollte er mindestens \u20ac 1,50\/Monat betragen.<\/p>\n<p><a href=\"https:\/\/su-meschede.de\/wp-content\/uploads\/2024\/05\/Beitrittserklaerung-SEN.pdf\"><img loading=\"lazy\" decoding=\"async\" class=\"alignnone size-medium wp-image-140\" src=\"https:\/\/su-meschede.de\/wp-content\/uploads\/2022\/09\/banner_show-300x164.jpg\" alt=\"\" width=\"300\" height=\"164\" srcset=\"https:\/\/su-meschede.de\/wp-content\/uploads\/2022\/09\/banner_show-300x164.jpg 300w, https:\/\/su-meschede.de\/wp-content\/uploads\/2022\/09\/banner_show-110x60.jpg 110w, https:\/\/su-meschede.de\/wp-content\/uploads\/2022\/09\/banner_show.jpg 550w\" sizes=\"auto, (max-width: 300px) 100vw, 300px\" \/><\/a><\/p>\n","protected":false},"excerpt":{"rendered":"<p>In der Senioren-Union kann jede Person Mitglied werden, die das 60. Lebensjahr vollendet hat, oder sich im Vorruhestand befindet. Das Mitglied darf jedoch keiner mit der CDU konkurrierenden Gruppierung oder deren parlamentarischen Vertretung angeh\u00f6ren. Die Entscheidung \u00fcber einen Aufnahmeantrag erfolgt durch den Vorstand der Kreisvereinigung. Die Mitgliedschaft in der CDU ist erw\u00fcnscht, aber keine Voraussetzung. &hellip; <\/p>\n","protected":false},"author":1,"featured_media":0,"parent":0,"menu_order":0,"comment_status":"closed","ping_status":"closed","template":"","meta":{"ngg_post_thumbnail":0,"footnotes":""},"class_list":["post-115","page","type-page","status-publish","hentry"],"yoast_head":"<!-- This site is optimized with the Yoast SEO plugin v27.5 - https:\/\/yoast.com\/product\/yoast-seo-wordpress\/ -->\n<title>Mitglied werden - Senioren Union - Stadtverband Meschede<\/title>\n<meta name=\"robots\" content=\"index, follow, max-snippet:-1, max-image-preview:large, max-video-preview:-1\" \/>\n<link rel=\"canonical\" href=\"https:\/\/su-meschede.de\/willkommen\/mitglied-werden\/\" \/>\n<meta property=\"og:locale\" content=\"de_DE\" \/>\n<meta property=\"og:type\" content=\"article\" \/>\n<meta property=\"og:title\" content=\"Mitglied werden - Senioren Union - Stadtverband Meschede\" \/>\n<meta property=\"og:description\" content=\"In der Senioren-Union kann jede Person Mitglied werden, die das 60. Lebensjahr vollendet hat, oder sich im Vorruhestand befindet. Das Mitglied darf jedoch keiner mit der CDU konkurrierenden Gruppierung oder deren parlamentarischen Vertretung angeh\u00f6ren. Die Entscheidung \u00fcber einen Aufnahmeantrag erfolgt durch den Vorstand der Kreisvereinigung. Die Mitgliedschaft in der CDU ist erw\u00fcnscht, aber keine Voraussetzung. &hellip;\" \/>\n<meta property=\"og:url\" content=\"https:\/\/su-meschede.de\/willkommen\/mitglied-werden\/\" \/>\n<meta property=\"og:site_name\" content=\"Senioren Union - Stadtverband Meschede\" \/>\n<meta property=\"article:modified_time\" content=\"2024-05-17T08:29:27+00:00\" \/>\n<meta property=\"og:image\" content=\"https:\/\/su-meschede.de\/wp-content\/uploads\/2022\/09\/banner_show-300x164.jpg\" \/>\n<meta name=\"twitter:card\" content=\"summary_large_image\" \/>\n<meta name=\"twitter:label1\" content=\"Gesch\u00e4tzte Lesezeit\" \/>\n\t<meta name=\"twitter:data1\" content=\"1\u00a0Minute\" \/>\n<script type=\"application\/ld+json\" class=\"yoast-schema-graph\">{\"@context\":\"https:\\\/\\\/schema.org\",\"@graph\":[{\"@type\":\"WebPage\",\"@id\":\"https:\\\/\\\/su-meschede.de\\\/willkommen\\\/mitglied-werden\\\/\",\"url\":\"https:\\\/\\\/su-meschede.de\\\/willkommen\\\/mitglied-werden\\\/\",\"name\":\"Mitglied werden - Senioren Union - Stadtverband Meschede\",\"isPartOf\":{\"@id\":\"https:\\\/\\\/su-meschede.de\\\/willkommen\\\/#website\"},\"primaryImageOfPage\":{\"@id\":\"https:\\\/\\\/su-meschede.de\\\/willkommen\\\/mitglied-werden\\\/#primaryimage\"},\"image\":{\"@id\":\"https:\\\/\\\/su-meschede.de\\\/willkommen\\\/mitglied-werden\\\/#primaryimage\"},\"thumbnailUrl\":\"https:\\\/\\\/su-meschede.de\\\/wp-content\\\/uploads\\\/2022\\\/09\\\/banner_show-300x164.jpg\",\"datePublished\":\"2022-08-30T16:21:21+00:00\",\"dateModified\":\"2024-05-17T08:29:27+00:00\",\"breadcrumb\":{\"@id\":\"https:\\\/\\\/su-meschede.de\\\/willkommen\\\/mitglied-werden\\\/#breadcrumb\"},\"inLanguage\":\"de\",\"potentialAction\":[{\"@type\":\"ReadAction\",\"target\":[\"https:\\\/\\\/su-meschede.de\\\/willkommen\\\/mitglied-werden\\\/\"]}]},{\"@type\":\"ImageObject\",\"inLanguage\":\"de\",\"@id\":\"https:\\\/\\\/su-meschede.de\\\/willkommen\\\/mitglied-werden\\\/#primaryimage\",\"url\":\"https:\\\/\\\/su-meschede.de\\\/wp-content\\\/uploads\\\/2022\\\/09\\\/banner_show-300x164.jpg\",\"contentUrl\":\"https:\\\/\\\/su-meschede.de\\\/wp-content\\\/uploads\\\/2022\\\/09\\\/banner_show-300x164.jpg\"},{\"@type\":\"BreadcrumbList\",\"@id\":\"https:\\\/\\\/su-meschede.de\\\/willkommen\\\/mitglied-werden\\\/#breadcrumb\",\"itemListElement\":[{\"@type\":\"ListItem\",\"position\":1,\"name\":\"Startseite\",\"item\":\"https:\\\/\\\/su-meschede.de\\\/willkommen\\\/\"},{\"@type\":\"ListItem\",\"position\":2,\"name\":\"Mitglied werden\"}]},{\"@type\":\"WebSite\",\"@id\":\"https:\\\/\\\/su-meschede.de\\\/willkommen\\\/#website\",\"url\":\"https:\\\/\\\/su-meschede.de\\\/willkommen\\\/\",\"name\":\"Senioren Union - Stadtverband Meschede\",\"description\":\"Politik f\u00fcr die \u00e4ltere Generation\",\"publisher\":{\"@id\":\"https:\\\/\\\/su-meschede.de\\\/willkommen\\\/#organization\"},\"alternateName\":\"Senioren-Union Meschede\",\"potentialAction\":[{\"@type\":\"SearchAction\",\"target\":{\"@type\":\"EntryPoint\",\"urlTemplate\":\"https:\\\/\\\/su-meschede.de\\\/willkommen\\\/?s={search_term_string}\"},\"query-input\":{\"@type\":\"PropertyValueSpecification\",\"valueRequired\":true,\"valueName\":\"search_term_string\"}}],\"inLanguage\":\"de\"},{\"@type\":\"Organization\",\"@id\":\"https:\\\/\\\/su-meschede.de\\\/willkommen\\\/#organization\",\"name\":\"Senioren Union - Stadtverband Meschede\",\"alternateName\":\"Senioren-Union Meschede\",\"url\":\"https:\\\/\\\/su-meschede.de\\\/willkommen\\\/\",\"logo\":{\"@type\":\"ImageObject\",\"inLanguage\":\"de\",\"@id\":\"https:\\\/\\\/su-meschede.de\\\/willkommen\\\/#\\\/schema\\\/logo\\\/image\\\/\",\"url\":\"https:\\\/\\\/su-meschede.de\\\/wp-content\\\/uploads\\\/2023\\\/09\\\/Senioren-Union-LOGO-2023-72dpi-1.jpg\",\"contentUrl\":\"https:\\\/\\\/su-meschede.de\\\/wp-content\\\/uploads\\\/2023\\\/09\\\/Senioren-Union-LOGO-2023-72dpi-1.jpg\",\"width\":666,\"height\":265,\"caption\":\"Senioren Union - Stadtverband Meschede\"},\"image\":{\"@id\":\"https:\\\/\\\/su-meschede.de\\\/willkommen\\\/#\\\/schema\\\/logo\\\/image\\\/\"}}]}<\/script>\n<!-- \/ Yoast SEO plugin. -->","yoast_head_json":{"title":"Mitglied werden - Senioren Union - Stadtverband Meschede","robots":{"index":"index","follow":"follow","max-snippet":"max-snippet:-1","max-image-preview":"max-image-preview:large","max-video-preview":"max-video-preview:-1"},"canonical":"https:\/\/su-meschede.de\/willkommen\/mitglied-werden\/","og_locale":"de_DE","og_type":"article","og_title":"Mitglied werden - Senioren Union - Stadtverband Meschede","og_description":"In der Senioren-Union kann jede Person Mitglied werden, die das 60. Lebensjahr vollendet hat, oder sich im Vorruhestand befindet. Das Mitglied darf jedoch keiner mit der CDU konkurrierenden Gruppierung oder deren parlamentarischen Vertretung angeh\u00f6ren. Die Entscheidung \u00fcber einen Aufnahmeantrag erfolgt durch den Vorstand der Kreisvereinigung. Die Mitgliedschaft in der CDU ist erw\u00fcnscht, aber keine Voraussetzung. &hellip;","og_url":"https:\/\/su-meschede.de\/willkommen\/mitglied-werden\/","og_site_name":"Senioren Union - Stadtverband Meschede","article_modified_time":"2024-05-17T08:29:27+00:00","og_image":[{"url":"https:\/\/su-meschede.de\/wp-content\/uploads\/2022\/09\/banner_show-300x164.jpg","type":"","width":"","height":""}],"twitter_card":"summary_large_image","twitter_misc":{"Gesch\u00e4tzte Lesezeit":"1\u00a0Minute"},"schema":{"@context":"https:\/\/schema.org","@graph":[{"@type":"WebPage","@id":"https:\/\/su-meschede.de\/willkommen\/mitglied-werden\/","url":"https:\/\/su-meschede.de\/willkommen\/mitglied-werden\/","name":"Mitglied werden - Senioren Union - Stadtverband Meschede","isPartOf":{"@id":"https:\/\/su-meschede.de\/willkommen\/#website"},"primaryImageOfPage":{"@id":"https:\/\/su-meschede.de\/willkommen\/mitglied-werden\/#primaryimage"},"image":{"@id":"https:\/\/su-meschede.de\/willkommen\/mitglied-werden\/#primaryimage"},"thumbnailUrl":"https:\/\/su-meschede.de\/wp-content\/uploads\/2022\/09\/banner_show-300x164.jpg","datePublished":"2022-08-30T16:21:21+00:00","dateModified":"2024-05-17T08:29:27+00:00","breadcrumb":{"@id":"https:\/\/su-meschede.de\/willkommen\/mitglied-werden\/#breadcrumb"},"inLanguage":"de","potentialAction":[{"@type":"ReadAction","target":["https:\/\/su-meschede.de\/willkommen\/mitglied-werden\/"]}]},{"@type":"ImageObject","inLanguage":"de","@id":"https:\/\/su-meschede.de\/willkommen\/mitglied-werden\/#primaryimage","url":"https:\/\/su-meschede.de\/wp-content\/uploads\/2022\/09\/banner_show-300x164.jpg","contentUrl":"https:\/\/su-meschede.de\/wp-content\/uploads\/2022\/09\/banner_show-300x164.jpg"},{"@type":"BreadcrumbList","@id":"https:\/\/su-meschede.de\/willkommen\/mitglied-werden\/#breadcrumb","itemListElement":[{"@type":"ListItem","position":1,"name":"Startseite","item":"https:\/\/su-meschede.de\/willkommen\/"},{"@type":"ListItem","position":2,"name":"Mitglied werden"}]},{"@type":"WebSite","@id":"https:\/\/su-meschede.de\/willkommen\/#website","url":"https:\/\/su-meschede.de\/willkommen\/","name":"Senioren Union - Stadtverband Meschede","description":"Politik f\u00fcr die \u00e4ltere Generation","publisher":{"@id":"https:\/\/su-meschede.de\/willkommen\/#organization"},"alternateName":"Senioren-Union Meschede","potentialAction":[{"@type":"SearchAction","target":{"@type":"EntryPoint","urlTemplate":"https:\/\/su-meschede.de\/willkommen\/?s={search_term_string}"},"query-input":{"@type":"PropertyValueSpecification","valueRequired":true,"valueName":"search_term_string"}}],"inLanguage":"de"},{"@type":"Organization","@id":"https:\/\/su-meschede.de\/willkommen\/#organization","name":"Senioren Union - Stadtverband Meschede","alternateName":"Senioren-Union Meschede","url":"https:\/\/su-meschede.de\/willkommen\/","logo":{"@type":"ImageObject","inLanguage":"de","@id":"https:\/\/su-meschede.de\/willkommen\/#\/schema\/logo\/image\/","url":"https:\/\/su-meschede.de\/wp-content\/uploads\/2023\/09\/Senioren-Union-LOGO-2023-72dpi-1.jpg","contentUrl":"https:\/\/su-meschede.de\/wp-content\/uploads\/2023\/09\/Senioren-Union-LOGO-2023-72dpi-1.jpg","width":666,"height":265,"caption":"Senioren Union - Stadtverband Meschede"},"image":{"@id":"https:\/\/su-meschede.de\/willkommen\/#\/schema\/logo\/image\/"}}]}},"_links":{"self":[{"href":"https:\/\/su-meschede.de\/willkommen\/wp-json\/wp\/v2\/pages\/115","targetHints":{"allow":["GET"]}}],"collection":[{"href":"https:\/\/su-meschede.de\/willkommen\/wp-json\/wp\/v2\/pages"}],"about":[{"href":"https:\/\/su-meschede.de\/willkommen\/wp-json\/wp\/v2\/types\/page"}],"author":[{"embeddable":true,"href":"https:\/\/su-meschede.de\/willkommen\/wp-json\/wp\/v2\/users\/1"}],"replies":[{"embeddable":true,"href":"https:\/\/su-meschede.de\/willkommen\/wp-json\/wp\/v2\/comments?post=115"}],"version-history":[{"count":5,"href":"https:\/\/su-meschede.de\/willkommen\/wp-json\/wp\/v2\/pages\/115\/revisions"}],"predecessor-version":[{"id":597,"href":"https:\/\/su-meschede.de\/willkommen\/wp-json\/wp\/v2\/pages\/115\/revisions\/597"}],"wp:attachment":[{"href":"https:\/\/su-meschede.de\/willkommen\/wp-json\/wp\/v2\/media?parent=115"}],"curies":[{"name":"wp","href":"https:\/\/api.w.org\/{rel}","templated":true}]}}