{"id":424,"date":"2023-08-16T22:49:45","date_gmt":"2023-08-16T20:49:45","guid":{"rendered":"https:\/\/su-meschede.de\/willkommen\/?page_id=424"},"modified":"2025-10-01T18:41:07","modified_gmt":"2025-10-01T16:41:07","slug":"eigene-feder","status":"publish","type":"page","link":"https:\/\/su-meschede.de\/willkommen\/interessantes\/eigene-feder\/","title":{"rendered":"Eigene Feder"},"content":{"rendered":"<p><img loading=\"lazy\" decoding=\"async\" class=\"alignnone size-large wp-image-808\" src=\"https:\/\/su-meschede.de\/wp-content\/uploads\/2025\/08\/image-1024x239.jpeg\" alt=\"\" width=\"925\" height=\"216\" srcset=\"https:\/\/su-meschede.de\/wp-content\/uploads\/2025\/08\/image-1024x239.jpeg 1024w, https:\/\/su-meschede.de\/wp-content\/uploads\/2025\/08\/image-300x70.jpeg 300w, https:\/\/su-meschede.de\/wp-content\/uploads\/2025\/08\/image-768x179.jpeg 768w, https:\/\/su-meschede.de\/wp-content\/uploads\/2025\/08\/image-257x60.jpeg 257w, https:\/\/su-meschede.de\/wp-content\/uploads\/2025\/08\/image.jpeg 1250w\" sizes=\"auto, (max-width: 925px) 100vw, 925px\" \/><\/p>\n<div style=\"text-align: left;\"><strong>Dr. Carsten Linnemann, Generalsekret\u00e4r der CDU, schreibt an die Mitglieder der CDU Deutschlands<\/strong><br \/>\n&nbsp;<br \/>\n&nbsp;<br \/>\nLiebes CDU Mitglied,<\/div>\n<div>&nbsp;<\/div>\n<div>letzte Woche im Deutschen Bundestag fiel ein bemerkenswerter Satz. Lars Klingbeil stand am Rednerpult und sagte: \u201eDer Status quo ist unser Gegner\u201c. Chapeau, Herr Vizekanzler!<br \/>\n&nbsp;<br \/>\nTags darauf hatte ich Sigmar Gabriel an der Strippe, der mehr als deutlich machte, dass das Fenster f\u00fcr Reformen so weit offen stehe wie zuletzt bei der Agenda 2010. In diesen Chor stimmte dann der alte Haudegen Franz M\u00fcntefering ein. Die Politik m\u00fcsse jetzt Mut an den Tag legen. Die Zeit sei reif, so der Erfinder der Rente mit 67.<br \/>\n&nbsp;<br \/>\nUnd was sagen die Deutschen? Genau das Gleiche. Rund drei Viertel der Menschen hierzulande dr\u00fccken es laut Allensbach wie einst Udo J\u00fcrgens aus: \u201eJetzt oder nie\u201c. Ihre Forderung: Es braucht sp\u00fcrbare Reformen, die am Ende zum Guten f\u00fchren. Keine Trippelschritte oder kein Pflaster hier und dort. Bei der Lekt\u00fcre der Umfrage musste ich sofort an Kurt Tucholsky denken. Von ihm stammt der Satz, dass das Volk das meiste zwar falsch versteht, es aber richtig f\u00fchlt. Selten traf er so zu wie heute.<br \/>\n&nbsp;<br \/>\nUnd unser Bundeskanzler? Der ist mehr als bereit. Friedrich Merz wei\u00df, dass wir nicht nur einen Herbst der Reformen brauchen, sondern eine komplette Wahlperiode der Reformen. Der Bundeskanzler bringt den Mut mit, den es jetzt braucht. Er kann sich auf den Punkt auf das Wesentliche konzentrieren.<br \/>\n&nbsp;<br \/>\nIch wei\u00df, jetzt werden sich wieder Kritiker bei mir melden und sagen, wir sollen die Erwartungshaltung nicht so hochstecken. Aber ganz ehrlich: Ich bin in die Politik gegangen, um verkrustete Strukturen aufzubrechen und unser Land voranzubringen. Es muss doch unser aller Anspruch sein, Reformen auf dem Arbeitsmarkt, bei der Rente, im Gesundheitssystem, beim Staat selbst sowie in der gesamten Wirtschaft anzugehen.<br \/>\n&nbsp;<br \/>\nLiebe Mitglieder, merken Sie sich bitte zwei Zahlen, damit werden Sie auch den Letzten in Ihrem Bekanntenkreis \u00fcberzeugen, dass es jetzt Ver\u00e4nderungen braucht: Der Sozialhaushalt ist in den vergangenen vier Jahren um j\u00e4hrlich rund f\u00fcnf Prozent gewachsen, w\u00e4hrend das Bruttoinlandsprodukt im Durchschnitt um nicht einmal ein Prozent wuchs. Dass diese Rechnung auf Dauer nicht aufgehen kann, m\u00fcsste jedem klar sein. Selbst wenn wir jetzt jeden Tag die Umverteilungsmaschine anwerfen, l\u00f6st es das Problem nicht. Das Problem ist, dass der Kuchen, den wir backen zu klein ist, um unseren finanziellen Hunger zu stillen.<br \/>\n&nbsp;<br \/>\nEs muss unser Anspruch sein, dass wir radikal umdenken und den Menschen und Machern unseres Landes wieder vertrauen und nicht misstrauen, indem wir alle mit Regulierungen \u00fcberziehen, als g\u00e4be es kein Morgen. Ich bin \u00fcberzeugt: In den n\u00e4chsten Monaten wird es ein Momentum geben, in dem wir die Chance f\u00fcr ein gro\u00dfes Reformpaket am Schopfe packen m\u00fcssen. Das wird aber nur funktionieren, wenn wir nicht nur anderen Mut abverlangen, sondern auch selbst mutig sind.<br \/>\n&nbsp;<br \/>\nIn Saarbr\u00fccken finden am kommenden Freitag die Feierlichkeiten zum 35. Tag der Deutschen Einheit statt. Festredner ist unser Bundeskanzler Friedrich Merz. Freuen Sie sich darauf!<br \/>\n&nbsp;<br \/>\nAuf geht&#8217;s!<br \/>\n&nbsp;<br \/>\nIhr Carsten Linnemann<br \/>\n&nbsp;<\/div>\n","protected":false},"excerpt":{"rendered":"<p>Dr. Carsten Linnemann, Generalsekret\u00e4r der CDU, schreibt an die Mitglieder der CDU Deutschlands &nbsp; &nbsp; Liebes CDU Mitglied, &nbsp; letzte Woche im Deutschen Bundestag fiel ein bemerkenswerter Satz. Lars Klingbeil stand am Rednerpult und sagte: \u201eDer Status quo ist unser Gegner\u201c. Chapeau, Herr Vizekanzler! &nbsp; Tags darauf hatte ich Sigmar Gabriel an der Strippe, der &hellip; <\/p>\n","protected":false},"author":1,"featured_media":0,"parent":225,"menu_order":0,"comment_status":"closed","ping_status":"closed","template":"","meta":{"ngg_post_thumbnail":0,"footnotes":""},"class_list":["post-424","page","type-page","status-publish","hentry"],"yoast_head":"<!-- This site is optimized with the Yoast SEO plugin v27.4 - https:\/\/yoast.com\/product\/yoast-seo-wordpress\/ -->\n<title>Eigene Feder - Senioren Union - Stadtverband Meschede<\/title>\n<meta name=\"description\" content=\"CDU Generalsekret\u00e4r Carsten Linnemann schreibt an die CDU Mitglieder\" \/>\n<meta name=\"robots\" content=\"index, follow, max-snippet:-1, max-image-preview:large, max-video-preview:-1\" \/>\n<link rel=\"canonical\" href=\"https:\/\/su-meschede.de\/willkommen\/interessantes\/eigene-feder\/\" \/>\n<meta property=\"og:locale\" content=\"de_DE\" \/>\n<meta property=\"og:type\" content=\"article\" \/>\n<meta property=\"og:title\" content=\"Eigene Feder - Senioren Union - Stadtverband Meschede\" \/>\n<meta property=\"og:description\" content=\"CDU Generalsekret\u00e4r Carsten Linnemann schreibt an die CDU Mitglieder\" \/>\n<meta property=\"og:url\" content=\"https:\/\/su-meschede.de\/willkommen\/interessantes\/eigene-feder\/\" \/>\n<meta property=\"og:site_name\" content=\"Senioren Union - Stadtverband Meschede\" \/>\n<meta property=\"article:modified_time\" content=\"2025-10-01T16:41:07+00:00\" \/>\n<meta property=\"og:image\" content=\"https:\/\/su-meschede.de\/wp-content\/uploads\/2025\/08\/image.jpeg\" \/>\n\t<meta property=\"og:image:width\" content=\"1250\" \/>\n\t<meta property=\"og:image:height\" content=\"292\" \/>\n\t<meta property=\"og:image:type\" content=\"image\/jpeg\" \/>\n<meta name=\"twitter:card\" content=\"summary_large_image\" \/>\n<meta name=\"twitter:label1\" content=\"Gesch\u00e4tzte Lesezeit\" \/>\n\t<meta name=\"twitter:data1\" content=\"3\u00a0Minuten\" \/>\n<script type=\"application\/ld+json\" class=\"yoast-schema-graph\">{\"@context\":\"https:\\\/\\\/schema.org\",\"@graph\":[{\"@type\":\"WebPage\",\"@id\":\"https:\\\/\\\/su-meschede.de\\\/willkommen\\\/interessantes\\\/eigene-feder\\\/\",\"url\":\"https:\\\/\\\/su-meschede.de\\\/willkommen\\\/interessantes\\\/eigene-feder\\\/\",\"name\":\"Eigene Feder - Senioren Union - Stadtverband Meschede\",\"isPartOf\":{\"@id\":\"https:\\\/\\\/su-meschede.de\\\/willkommen\\\/#website\"},\"primaryImageOfPage\":{\"@id\":\"https:\\\/\\\/su-meschede.de\\\/willkommen\\\/interessantes\\\/eigene-feder\\\/#primaryimage\"},\"image\":{\"@id\":\"https:\\\/\\\/su-meschede.de\\\/willkommen\\\/interessantes\\\/eigene-feder\\\/#primaryimage\"},\"thumbnailUrl\":\"https:\\\/\\\/su-meschede.de\\\/wp-content\\\/uploads\\\/2025\\\/08\\\/image-1024x239.jpeg\",\"datePublished\":\"2023-08-16T20:49:45+00:00\",\"dateModified\":\"2025-10-01T16:41:07+00:00\",\"description\":\"CDU Generalsekret\u00e4r Carsten Linnemann schreibt an die CDU Mitglieder\",\"breadcrumb\":{\"@id\":\"https:\\\/\\\/su-meschede.de\\\/willkommen\\\/interessantes\\\/eigene-feder\\\/#breadcrumb\"},\"inLanguage\":\"de\",\"potentialAction\":[{\"@type\":\"ReadAction\",\"target\":[\"https:\\\/\\\/su-meschede.de\\\/willkommen\\\/interessantes\\\/eigene-feder\\\/\"]}]},{\"@type\":\"ImageObject\",\"inLanguage\":\"de\",\"@id\":\"https:\\\/\\\/su-meschede.de\\\/willkommen\\\/interessantes\\\/eigene-feder\\\/#primaryimage\",\"url\":\"https:\\\/\\\/su-meschede.de\\\/wp-content\\\/uploads\\\/2025\\\/08\\\/image-1024x239.jpeg\",\"contentUrl\":\"https:\\\/\\\/su-meschede.de\\\/wp-content\\\/uploads\\\/2025\\\/08\\\/image-1024x239.jpeg\"},{\"@type\":\"BreadcrumbList\",\"@id\":\"https:\\\/\\\/su-meschede.de\\\/willkommen\\\/interessantes\\\/eigene-feder\\\/#breadcrumb\",\"itemListElement\":[{\"@type\":\"ListItem\",\"position\":1,\"name\":\"Startseite\",\"item\":\"https:\\\/\\\/su-meschede.de\\\/willkommen\\\/\"},{\"@type\":\"ListItem\",\"position\":2,\"name\":\"Interessantes\",\"item\":\"https:\\\/\\\/su-meschede.de\\\/willkommen\\\/interessantes\\\/\"},{\"@type\":\"ListItem\",\"position\":3,\"name\":\"Eigene Feder\"}]},{\"@type\":\"WebSite\",\"@id\":\"https:\\\/\\\/su-meschede.de\\\/willkommen\\\/#website\",\"url\":\"https:\\\/\\\/su-meschede.de\\\/willkommen\\\/\",\"name\":\"Senioren Union - Stadtverband Meschede\",\"description\":\"Politik f\u00fcr die \u00e4ltere Generation\",\"publisher\":{\"@id\":\"https:\\\/\\\/su-meschede.de\\\/willkommen\\\/#organization\"},\"alternateName\":\"Senioren-Union Meschede\",\"potentialAction\":[{\"@type\":\"SearchAction\",\"target\":{\"@type\":\"EntryPoint\",\"urlTemplate\":\"https:\\\/\\\/su-meschede.de\\\/willkommen\\\/?s={search_term_string}\"},\"query-input\":{\"@type\":\"PropertyValueSpecification\",\"valueRequired\":true,\"valueName\":\"search_term_string\"}}],\"inLanguage\":\"de\"},{\"@type\":\"Organization\",\"@id\":\"https:\\\/\\\/su-meschede.de\\\/willkommen\\\/#organization\",\"name\":\"Senioren Union - Stadtverband Meschede\",\"alternateName\":\"Senioren-Union Meschede\",\"url\":\"https:\\\/\\\/su-meschede.de\\\/willkommen\\\/\",\"logo\":{\"@type\":\"ImageObject\",\"inLanguage\":\"de\",\"@id\":\"https:\\\/\\\/su-meschede.de\\\/willkommen\\\/#\\\/schema\\\/logo\\\/image\\\/\",\"url\":\"https:\\\/\\\/su-meschede.de\\\/wp-content\\\/uploads\\\/2023\\\/09\\\/Senioren-Union-LOGO-2023-72dpi-1.jpg\",\"contentUrl\":\"https:\\\/\\\/su-meschede.de\\\/wp-content\\\/uploads\\\/2023\\\/09\\\/Senioren-Union-LOGO-2023-72dpi-1.jpg\",\"width\":666,\"height\":265,\"caption\":\"Senioren Union - Stadtverband Meschede\"},\"image\":{\"@id\":\"https:\\\/\\\/su-meschede.de\\\/willkommen\\\/#\\\/schema\\\/logo\\\/image\\\/\"}}]}<\/script>\n<!-- \/ Yoast SEO plugin. -->","yoast_head_json":{"title":"Eigene Feder - Senioren Union - Stadtverband Meschede","description":"CDU Generalsekret\u00e4r Carsten Linnemann schreibt an die CDU Mitglieder","robots":{"index":"index","follow":"follow","max-snippet":"max-snippet:-1","max-image-preview":"max-image-preview:large","max-video-preview":"max-video-preview:-1"},"canonical":"https:\/\/su-meschede.de\/willkommen\/interessantes\/eigene-feder\/","og_locale":"de_DE","og_type":"article","og_title":"Eigene Feder - Senioren Union - Stadtverband Meschede","og_description":"CDU Generalsekret\u00e4r Carsten Linnemann schreibt an die CDU Mitglieder","og_url":"https:\/\/su-meschede.de\/willkommen\/interessantes\/eigene-feder\/","og_site_name":"Senioren Union - Stadtverband Meschede","article_modified_time":"2025-10-01T16:41:07+00:00","og_image":[{"width":1250,"height":292,"url":"https:\/\/su-meschede.de\/wp-content\/uploads\/2025\/08\/image.jpeg","type":"image\/jpeg"}],"twitter_card":"summary_large_image","twitter_misc":{"Gesch\u00e4tzte Lesezeit":"3\u00a0Minuten"},"schema":{"@context":"https:\/\/schema.org","@graph":[{"@type":"WebPage","@id":"https:\/\/su-meschede.de\/willkommen\/interessantes\/eigene-feder\/","url":"https:\/\/su-meschede.de\/willkommen\/interessantes\/eigene-feder\/","name":"Eigene Feder - Senioren Union - Stadtverband Meschede","isPartOf":{"@id":"https:\/\/su-meschede.de\/willkommen\/#website"},"primaryImageOfPage":{"@id":"https:\/\/su-meschede.de\/willkommen\/interessantes\/eigene-feder\/#primaryimage"},"image":{"@id":"https:\/\/su-meschede.de\/willkommen\/interessantes\/eigene-feder\/#primaryimage"},"thumbnailUrl":"https:\/\/su-meschede.de\/wp-content\/uploads\/2025\/08\/image-1024x239.jpeg","datePublished":"2023-08-16T20:49:45+00:00","dateModified":"2025-10-01T16:41:07+00:00","description":"CDU Generalsekret\u00e4r Carsten Linnemann schreibt an die CDU Mitglieder","breadcrumb":{"@id":"https:\/\/su-meschede.de\/willkommen\/interessantes\/eigene-feder\/#breadcrumb"},"inLanguage":"de","potentialAction":[{"@type":"ReadAction","target":["https:\/\/su-meschede.de\/willkommen\/interessantes\/eigene-feder\/"]}]},{"@type":"ImageObject","inLanguage":"de","@id":"https:\/\/su-meschede.de\/willkommen\/interessantes\/eigene-feder\/#primaryimage","url":"https:\/\/su-meschede.de\/wp-content\/uploads\/2025\/08\/image-1024x239.jpeg","contentUrl":"https:\/\/su-meschede.de\/wp-content\/uploads\/2025\/08\/image-1024x239.jpeg"},{"@type":"BreadcrumbList","@id":"https:\/\/su-meschede.de\/willkommen\/interessantes\/eigene-feder\/#breadcrumb","itemListElement":[{"@type":"ListItem","position":1,"name":"Startseite","item":"https:\/\/su-meschede.de\/willkommen\/"},{"@type":"ListItem","position":2,"name":"Interessantes","item":"https:\/\/su-meschede.de\/willkommen\/interessantes\/"},{"@type":"ListItem","position":3,"name":"Eigene Feder"}]},{"@type":"WebSite","@id":"https:\/\/su-meschede.de\/willkommen\/#website","url":"https:\/\/su-meschede.de\/willkommen\/","name":"Senioren Union - Stadtverband Meschede","description":"Politik f\u00fcr die \u00e4ltere Generation","publisher":{"@id":"https:\/\/su-meschede.de\/willkommen\/#organization"},"alternateName":"Senioren-Union Meschede","potentialAction":[{"@type":"SearchAction","target":{"@type":"EntryPoint","urlTemplate":"https:\/\/su-meschede.de\/willkommen\/?s={search_term_string}"},"query-input":{"@type":"PropertyValueSpecification","valueRequired":true,"valueName":"search_term_string"}}],"inLanguage":"de"},{"@type":"Organization","@id":"https:\/\/su-meschede.de\/willkommen\/#organization","name":"Senioren Union - Stadtverband Meschede","alternateName":"Senioren-Union Meschede","url":"https:\/\/su-meschede.de\/willkommen\/","logo":{"@type":"ImageObject","inLanguage":"de","@id":"https:\/\/su-meschede.de\/willkommen\/#\/schema\/logo\/image\/","url":"https:\/\/su-meschede.de\/wp-content\/uploads\/2023\/09\/Senioren-Union-LOGO-2023-72dpi-1.jpg","contentUrl":"https:\/\/su-meschede.de\/wp-content\/uploads\/2023\/09\/Senioren-Union-LOGO-2023-72dpi-1.jpg","width":666,"height":265,"caption":"Senioren Union - Stadtverband Meschede"},"image":{"@id":"https:\/\/su-meschede.de\/willkommen\/#\/schema\/logo\/image\/"}}]}},"_links":{"self":[{"href":"https:\/\/su-meschede.de\/willkommen\/wp-json\/wp\/v2\/pages\/424","targetHints":{"allow":["GET"]}}],"collection":[{"href":"https:\/\/su-meschede.de\/willkommen\/wp-json\/wp\/v2\/pages"}],"about":[{"href":"https:\/\/su-meschede.de\/willkommen\/wp-json\/wp\/v2\/types\/page"}],"author":[{"embeddable":true,"href":"https:\/\/su-meschede.de\/willkommen\/wp-json\/wp\/v2\/users\/1"}],"replies":[{"embeddable":true,"href":"https:\/\/su-meschede.de\/willkommen\/wp-json\/wp\/v2\/comments?post=424"}],"version-history":[{"count":34,"href":"https:\/\/su-meschede.de\/willkommen\/wp-json\/wp\/v2\/pages\/424\/revisions"}],"predecessor-version":[{"id":817,"href":"https:\/\/su-meschede.de\/willkommen\/wp-json\/wp\/v2\/pages\/424\/revisions\/817"}],"up":[{"embeddable":true,"href":"https:\/\/su-meschede.de\/willkommen\/wp-json\/wp\/v2\/pages\/225"}],"wp:attachment":[{"href":"https:\/\/su-meschede.de\/willkommen\/wp-json\/wp\/v2\/media?parent=424"}],"curies":[{"name":"wp","href":"https:\/\/api.w.org\/{rel}","templated":true}]}}